r) be the first derivative of 10*r**3/3 + r**2 + r - 6. Calculate t(s).
9
Let c(i) = -i**3 - 5*i**2 - i - 1. Let k = -9 + 7. Give c(k).
-11
Let a(t) = t**3 - 4*t**2 - t - 4. Suppose -66 = -2*s - s + 2*j, -93 = -4*s + j. Let n be s/(-9)*(-9)/6. What is a(n)?
-8
Let m = -21 - -35. Suppose -2 = -4*n - m. Let c(r) = r**3 + 2*r**2 - 2*r. Determine c(n).
-3
Suppose -1 = l - 2*l. Let s(h) = -3 + h + 1 - l - 2*h. Calculate s(-5).
2
Let i(b) = b**2 - b - 1. Let s(w) = 7*w**2 - 10*w - 10. Let d(k) = 21*k**2 - 29*k - 29. Let v(l) = 6*d(l) - 17*s(l). Let p(o) = -6*i(o) + v(o). Calculate p(-3).
5
Suppose 0 = -4*q + i + 13, -4*q - 5*i - 16 = 1. Let c(t) = -t + 2*t**3 + t**3 - q*t**3 + 4*t + 3*t**2 + 2. Suppose 2*r + 6 = 0, r - 6 = 4*h + 3. Calculate c(h).
-7
Let c = -5 + 3. Let o(y) be the second derivative of -y**6/720 + y**5/60 - y**4/4 - y. Let z(u) be the third derivative of o(u). Determine z(c).
4
Let v(d) be the second derivative of -5*d + 0 + 0*d**3 - 1/20*d**5 - 1/4*d**4 + d**2. Determine v(-2).
-2
Let m be -5 + (0 - -2) - -2. Let q = m - -4. Let b(d) = -3*d - 5 + 1 + 4*d. Give b(q).
-1
Let g be 22/6 + 4/12. Let w(p) = -p - 3. Let v(d) = -4*d - 9. Suppose 0*s = 2*s - 4. Let m(k) = s*v(k) - 7*w(k). Determine m(g).
-1
Let i(n) be the first derivative of n**6/60 + n**5/30 - n**4/12 - n**3/3 - n**2 - 7. Let b(f) be the second derivative of i(f). Determine b(-2).
-6
Let x be (6/(-40))/(27/(-9)). Let q(y) be the second derivative of 0 + y**2 - y - 1/3*y**3 + 1/4*y**4 + x*y**5. Give q(-4).
-6
Suppose 1 = l + x, 4*l + 6*x = x. Let u(d) = -d**3 + 4*d**2 + 4*d + 4. What is u(l)?
-1
Let i be 3*(-3)/9*-5. Let t(b) = -b**2 + 5*b - 6. What is t(i)?
-6
Let u = 12 - 8. Let p be (-1)/1 - -1*u. Let k(n) = 0*n + 2*n**3 - n**p + n. Calculate k(0).
0
Let o(m) = m**2 + 1. Let u = 97 + -94. What is o(u)?
10
Let w(d) = -d + 1. Let g = 3 + -12. Suppose -4*l - l = 25. Let c = l - g. Give w(c).
-3
Let k(m) = 6*m**3 + m**2 - m + 3. Let h(f) = 5*f**3 + f**2 - f + 2. Let d(w) = 5*h(w) - 4*k(w). Give d(2).
8
Let j(m) = -6*m**3 + 4*m**2 - 14*m + 8. Let f(d) = 4*d**3 - 3*d**2 + 9*d - 5. Let b(z) = 8*f(z) + 5*j(z). Let g be (16/64)/(2/16). Determine b(g).
4
Let s(j) be the second derivative of -j**5/20 + j**4/2 - 5*j**3/6 - 2*j**2 + 4*j. What is s(5)?
-4
Let q(b) = b + 4. Suppose 3*c + 45 = 6*c. Suppose -4*f - 4*y = -3*y + c, 3*f + 14 = 2*y. What is q(f)?
0
Let g(v) be the first derivative of -1/2*v**2 - 4 - 4*v. Determine g(0).
-4
Let v(k) = -4 - 1 - 2*k - 1. Let s be (10/2)/(-4 + 3). Let b = -11 - s. Calculate v(b).
6
Let y(d) = d**2 - 8*d. Let w = -93 + 100. What is y(w)?
-7
Let f(n) = -2*n + 7. Let t(m) = m**2 + m + 2. Let s be t(-2). Suppose -3*u - 2 = -2*x + u, s*u = 8. What is f(x)?
-3
Let v(x) = 2*x - 10. Let s be v(3). Let d(r) = 2*r + 6. Determine d(s).
-2
Let w(s) = s**3 - 7*s**2 + 10. Suppose -21*p + 19*p + 14 = 0. Calculate w(p).
10
Suppose w = -3*z - 4, 8 = -0*w - 2*w. Let b(j) = -1 + j + 2*j**2 + 2*j**2 - 3*j**2. Give b(z).
-1
Let t(s) = -s**2 + 15*s - 16. Let m be t(13). Suppose -5*r + 30 = 5*c, -m = -3*c + 5. Let b(l) = -5*l**2 + l - 1. Calculate b(r).
-5
Let t(z) be the third derivative of z**5/60 - z**4/4 + z**3 + 3*z**2. Calculate t(5).
1
Let a(t) = -t**2 + 4*t + 2. Suppose 0*o + 17 = -2*o + 3*d, 5*o = -4*d + 15. Let g be o - 2*(-5)/2. Determine a(g).
2
Let w(x) = 1 - x + 0 - 3 + 6. Give w(5).
-1
Let i(z) = -7*z + 1. Let r(k) = -k. Let h(g) = i(g) - 6*r(g). Calculate h(6).
-5
Let k(s) = -2*s**2 + 0*s**3 + 3*s + s**3 + 0*s**3 - 4*s + 1. Calculate k(2).
-1
Let a(h) be the first derivative of -3 + 1/3*h**3 + 6*h - 5/2*h**2. Calculate a(4).
2
Let t(b) = -28*b - 2*b**2 + 20*b - 4 + 16*b. What is t(5)?
-14
Let f(j) = 5*j**3 + 2*j**2 + 2*j + 1. Let b be f(-1). Let y(q) be the first derivative of -1/2*q**2 - 1 + 4*q. Determine y(b).
8
Let o be 1 + -2 - (0 + -6). Let u(c) be the second derivative of -1/12*c**4 + 0 + 3/2*c**2 - 2*c + 5/6*c**3. Determine u(o).
3
Let g(k) be the second derivative of k**4/12 + 4*k**3/3 + k**2/2 - 49*k. Determine g(-9).
10
Suppose l = 2*l. Let k(o) = -o**3 - o**2 - 3. Let x(i) = 2*i**3 + 2*i**2 + 5. Let n(g) = -5*k(g) - 3*x(g). Determine n(l).
0
Let h = 0 + 4. Let o(v) be the third derivative of 1/20*v**5 + 0*v + 0 - 1/120*v**6 + 1/2*v**3 + v**2 + 1/24*v**4. Determine o(h).
-9
Let k(o) = o**3 + o + 1. Suppose 2*n + 8 = 6*n. Let q be -4 + n - (-3 - -1). Suppose q = 7*d - 3*d - 3*y + 6, 4*d = 4*y - 8. Calculate k(d).
1
Let o(g) = -g**2 - 6*g - 3. Let f be o(-4). Let r(a) = 2*a**2 - a - 6. Let x(d) = d**2 - 5. Let n(l) = 2*r(l) - 3*x(l). Calculate n(f).
18
Let g(k) = k**3 + k - 1. Let l(a) = -3*a**3 - 3*a + 5. Let v(u) = 4*g(u) + l(u). Let x be (2/(-1))/4*2. Give v(x).
-1
Let w(m) = m**2 + 5*m + 5. Let t be w(-3). Let o(q) = -2*q - 1. Calculate o(t).
1
Let k(t) = 8*t + 16. Let r(v) = -2*v - 4. Let s(z) = -2*k(z) - 9*r(z). Suppose m = -2*m - 15. Determine s(m).
-6
Let q(k) = k**3 - k + 6. Let g(w) = w**2 + 7*w + 4. Let d be g(-6). Let p(i) = i**3 - i - 2. Let v be p(d). Let t = 8 + v. Give q(t).
6
Let a(m) = m**2. Let p(x) = x**3 + x**2 - 3*x + 4. Let c(j) = -4*a(j) + p(j). Calculate c(3).
-5
Let w(m) be the third derivative of m**5/30 - m**4/24 + m**3/3 + m**2. Let b be 2*(6/9)/(8/(-12)). Calculate w(b).
12
Let z(y) = 10*y + 2 - 11*y - 1 + 0. Suppose 3 = 2*f + f. Give z(f).
0
Let z(c) = -c**2 + c + 2. Let r be z(-1). Let i(k) be the second derivative of 2*k + 0*k**2 + r + 1/6*k**4 - 1/10*k**5 - 1/6*k**3. What is i(1)?
-1
Let c(t) be the second derivative of -t**3/6 + 13*t**2/2 + 33*t. Determine c(8).
5
Let o(y) be the first derivative of 1/120*y**5 + 0*y**2 + 0*y - 3 - 2/3*y**3 + 1/24*y**4. Let x(w) be the third derivative of o(w). Determine x(-4).
-3
Suppose -14 = -2*b - 2. Suppose 5*g = b + 14. Let p(s) = -4 + s - 1 + 2. Determine p(g).
1
Let v(f) be the first derivative of f**6/120 - f**5/60 + f**4/24 + f**2/2 - 1. Let o(n) be the second derivative of v(n). Calculate o(1).
1
Let u(k) = -k**2 - 6*k + 10. Let y(m) = m**3 + 7*m**2 + 7*m - 2. Let q be y(-6). Give u(q).
-6
Suppose 70 = 5*n - 2*z, 0 = 5*n + 2*z - 6*z - 70. Let l be (4*1 - 0)/1. Let j be l/n + 52/14. Let t(d) = -d**3 + 5*d**2 - 2*d - 5. Calculate t(j).
3
Let l be (-8)/(-3) + (-3 - (-30)/9). Let t(n) = n**3 - n**2 - 3*n + 3. Give t(l).
12
Let v(k) = 12*k**2 - k. Let l = -62 + 61. What is v(l)?
13
Let a(k) = 3*k**2 + 11*k - 5. Let p(g) = -5*g**2 - 17*g + 8. Let f(o) = 8*a(o) + 5*p(o). Determine f(3).
0
Let g(i) = 3*i**2 - i**2 + i**2 + 6*i**2. Suppose 4 = 2*d - 6*d. Give g(d).
9
Let l(w) = -w**3 - w**2 + w - 1. Suppose -5 = 2*m - 1. Calculate l(m).
1
Let x(f) be the third derivative of f**6/120 + f**5/12 - 5*f**4/24 + 4*f**3/3 + 27*f**2. Let s be -5 - (4/2 - 1). What is x(s)?
2
Let i(m) be the third derivative of m**4/24 + 3*m**3/2 - 3*m**2. What is i(-5)?
4
Let w(s) = s**3 + 5*s**2 - 4*s + 7. Suppose -k = -4*c - 14, -5*c - 11 = -2*k + 2. Determine w(k).
-5
Let h(p) be the second derivative of -p**4/24 - p**3/2 - 3*p**2 - 6*p. Let r(b) be the first derivative of h(b). Calculate r(-5).
2
Let h(a) = -a - 1. Suppose 97 = 5*z - 8. Suppose 2*i + 5 = z. Suppose u + p = -5, -2*p = 4*u - p + i. What is h(u)?
0
Let v(n) be the third derivative of -n**4/8 - n**3/2 + 32*n**2. Give v(-6).
15
Let w(c) = -c**3 + 8*c**2 - 7*c - 4. Let q be w(7). Let r = q + 6. Let m(s) = -2*s**3 - 2*s**2 + 8*s**2 - 4*s + 2 - 2*s**2. Determine m(r).
-6
Let a be (-6)/4*(0 + -2). Suppose h = a*h - 2*c + 6, 5*h + 33 = -4*c. Let y(u) = 5*u - 4*u - 4 + 0. What is y(h)?
-9
Let s(i) = 2*i + 12 - 12. Let y be s(-4). Let a(p) = p**2 + 7*p - 11. Let n be a(y). Let w(k) = k**2 + 4*k + 1. Determine w(n).
-2
Let l(z) = z**3 - 5*z**2 + 2*z + 4. Suppose -4*p + 4*q - 4 = 0, -2*p = -5*q - 0*q + 14. What is l(p)?
-8
Let i(c) = -c**3 + 5*c**2 - 2*c + 5. Suppose x - 2*n - 11 = -0*x, -2*x - 4*n - 2 = 0. Calculate i(x).
-5
Let n(a) be the third derivative of a**4/24 + a**3/2 + 4*a**2. Let z be 4/(-10) - 340/25. Let w = 10 + z. What is n(w)?
-1
Let y(p) = 7*p**2 + 12*p + 6. Let t(r) be the first derivative of r**3/3 + r**2/2 + 1. Let z = 31 - 32. Let j(l) = z*y(l) + 6*t(l). Calculate j(-4).
2
Let l(u) = -u + u**3 - 2*u**3 + 1 + 2*u**3 - 2*u**2. Give l(1).
-1
Let d(v) = 2*v**2 + 0*v**2 - 3 - v**2 - 6*v. Let m be d(6). Let t(n) be the se